5 - s = -y, 3*y + x = 1396. List the prime factors of y.
467
Let z(n) = -2104*n - 1958. What are the prime factors of z(-11)?
2, 3, 11, 107
Suppose 0*y = 6*y - 0*y. Suppose y = a - 67 - 0. Let k = a + -62. What are the prime factors of k?
5
Suppose 371 = -5*y - 134. Let h = -66 - y. Suppose 34*k = h*k - 105. List the prime factors of k.
3, 5, 7
Let t(j) = -2883*j**2 + 32*j + 22. Let z(d) = 577*d**2 - 6*d - 4. Let o(p) = 2*t(p) + 11*z(p). List the prime factors of o(1).
3, 193
Suppose -5*h + 13 = 3*a, 5*h = 4*a + 11 - 5. Suppose -h*f + 378 - 1075 = -3*k, 25 = -5*f. List the prime factors of k.
229
Let c = -73 - -140. Let r be (-1)/((-1)/(-2) + c/(-138)). Let z = r + 187. What are the prime factors of z?
2, 59
Suppose -60657 + 450145 = -252*z + 268*z. List the prime factors of z.
11, 2213
Let q = 118 + -228. Let i be (132/8)/(1/q). List the prime factors of -1 - 4*(i/(-12))/(-5).
2, 3, 5
What are the prime factors of ((-21)/4*(-30)/10)/(12/20032)?
2, 3, 7, 313
Let j = -7 + 7. Let m(k) = 20*k + 3. Let b be m(0). Suppose b*r - 5*r + 46 = j. List the prime factors of r.
23
Let l be -21 - (7 + (19 - 189)). Let a = 258 - 117. Suppose -a*b = -l*b + 130. What are the prime factors of b?
2, 5, 13
What are the prime factors of 14081 - -4 - ((-19)/7 + 14/(-49))?
2, 3, 587
Suppose 4*x + 15 = -5*v, -4*v - 9 = -v + 4*x. Let l be -3 + 1/(v/(-15)). Let z = l + 87. List the prime factors of z.
89
Suppose 4*x = -6 - 10. Let p be -1 - -16 - (167 - 149). List the prime factors of -1*(1 + -180)*(p - x).
179
Suppose 2981 - 8837 = -2*s. Suppose s = 5*z + 178. List the prime factors of z.
2, 5, 11
Suppose -2*g = 4*g + 522. What are the prime factors of 1923/4*(-116)/g?
641
Suppose 19*j = 318732 + 1018336. What are the prime factors of j?
2, 73, 241
Suppose a + 5*h + 8 = 0, -3*h - 25 = -2*a - 2. Let s be a + (-8)/3 + 6/9. Suppose 2*n - 1 - 91 = 3*k, -2*k = s*n - 268. What are the prime factors of n?
2, 13
Let y be (4*(-1)/8)/((-1)/50). Let k be 10*(4 + (-85)/y). Suppose k*j = -0*j + 1410. What are the prime factors of j?
5, 47
Let t(j) be the first derivative of -25*j**2/2 - 203*j - 119. What are the prime factors of t(-27)?
2, 59
Suppose 2*k = 3*r - 3679 + 297, -5*r = -2*k - 5642. Suppose -1153*q + 1158*q - r = 0. What are the prime factors of q?
2, 113
Let k(l) = 1148*l - 68. Let z be k(10). List the prime factors of (-8)/32 + z/16.
23, 31
Suppose 0 = -u + 4*a - a + 6, 2*u - a = 2. Let g = -437 - -440. Suppose u = 5*o - g*l - 313, 5*o + 2*l - 50 = 283. List the prime factors of o.
5, 13
What are the prime factors of (10 - (-160)/(-20))*95577/6?
31859
Let p = -43 - -123. Suppose o + 4*h - 22 - 22 = 0, -45 = -o - 3*h. Let g = p - o. List the prime factors of g.
2
Suppose -105 = 2*u + 21. Let a be (28 + -3)/((-7)/u). Suppose 942 = k + 3*k - p, k + 5*p = a. List the prime factors of k.
5, 47
Suppose 109*x - 52*x - 48*x - 105453 = 0. What are the prime factors of x?
11717
What are the prime factors of (-1090)/(-5)*(819/14 - 11)?
5, 19, 109
Suppose 0 = -t + 302 - 1972. Let c = t + 3080. What are the prime factors of c?
2, 3, 5, 47
Suppose -149 = -5*u + 61. Suppose 0 = -k - 5*k + u. Suppose -5*h = 2*t - k - 44, t - 18 = 5*h. What are the prime factors of t?
23
Suppose -u = 5*y - 30, 2*y + 3*u - 29 + 4 = 0. Suppose 0*n - x = -y*n + 175, -4*n + 156 = -4*x. What are the prime factors of n?
2, 17
Suppose -22365 = 11*i - 89674. What are the prime factors of i?
29, 211
Let y be (-8 + -3)*(-1)/(-1). Let g = y + 218. What are the prime factors of g?
3, 23
Let z be (-1)/(-4) + 5476/(-16). Let n = z + 877. List the prime factors of n.
5, 107
Let j = -20467 + 47698. What are the prime factors of j?
3, 29, 313
Let w(i) = 2*i**2 + 11*i**3 - 22*i**3 - 10*i**2 + 4*i - 10 + 12*i**3 - 13*i. Let j(u) = 4*u - 2. Let k be j(3). List the prime factors of w(k).
2, 5
Suppose -w = 5*p - 4487, -22*p + 22487 = 5*w - 23*p. List the prime factors of w.
3, 1499
Suppose -87*j + 85*j = -12334. List the prime factors of j.
7, 881
List the prime factors of ((-72)/(-588)*28)/(9/108822).
2, 2591
Suppose 26*h - 685 = 21*h. Suppose m - 129 = -5*l, l = 15*m - 16*m + h. What are the prime factors of m?
139
Let x(w) = -w - 14. Let i be x(-19). Suppose -i*u - 5 = -n - 17, -u = -n. Suppose -3*v = -2*a + 178 - 864, 4*v - n*a - 916 = 0. List the prime factors of v.
2, 113
Let c be (-1)/((-33)/(-6)) - (-22002)/11. Suppose 9*j = -j + c. What are the prime factors of j?
2, 5
Suppose 0 = -32*l + 20815 + 28337. Suppose 5*t - 2*v = 1920, -4*t - v + l = -2*v. List the prime factors of t.
2, 3
Let v be (-1 - -3) + 10/(-2). What are the prime factors of (-72)/12 - (-107 + v)?
2, 13
Suppose -5*p + 15 = 0, 2*c + 234 = 5*c - 5*p. Let k be 378 + -70 - -3*(-1 - -2). Suppose c = -3*h + k. What are the prime factors of h?
2, 19
Let b(d) = -3*d**3 - 4*d**2 + 10*d + 21. Let i be b(9). Let a = i + 3609. List the prime factors of a.
3, 13, 31
Suppose -2*f = -6*f - 5*r - 833, 3*f - 2*r + 596 = 0. Let z(u) = 5*u**3 + 7*u + 15. Let q be z(-3). Let g = q - f. List the prime factors of g.
61
Let c be 2 + 6/(-8) - (-9895)/4. Suppose -15*r = -c - 19005. List the prime factors of r.
2, 179
Let c = 79586 + -51958. What are the prime factors of c?
2, 6907
Let v = 15 - 36. List the prime factors of (-2)/1 + v + 238 - -4.
3, 73
Let t(i) = -i**3 + 10*i**2 - 2*i - 12. Let q be t(8). Let o = 404 - q. Suppose 9*r - 13*r = -o. What are the prime factors of r?
2, 19
Suppose 8*s = 6*s - 74. Let t = 42 + s. Suppose t*p - 218 - 102 = 0. What are the prime factors of p?
2
Let n = -97843 - -158642. What are the prime factors of n?
163, 373
Suppose 54304 = 32*h + 15520. Let y = h + 14. List the prime factors of y.
2, 613
Let b = 159 + -161. What are the prime factors of (b - -1)/((42/(-1012))/21)?
2, 11, 23
Let w(i) = i**2 - 5*i + 19. Let f be (1 - -22)/((-7)/7) + 4. What are the prime factors of w(f)?
5, 19
Suppose -2*p - 3*q + 5 = 0, -p - 5*q + 3 + 3 = 0. List the prime factors of 4632/48*p*-2*-1.
193
Let a(x) = x**3 + 2*x**2 + 7*x - 13. Let c be a(0). List the prime factors of (-21580)/c*(4/8)/1.
2, 5, 83
Let h = 171134 - 95593. List the prime factors of h.
75541
Let t(r) = -3*r**2 + 56. Let p(u) = -u**2 - 2*u - 1. Let k be p(-1). List the prime factors of t(k).
2, 7
Let h be (2 + 346/1)/((-3)/(-3)). Let o = h - 807. Let w = o - -715. List the prime factors of w.
2
Let x(y) = 6*y - 9. Let a be x(3). List the prime factors of (70479/(-164))/(a/(-24)).
2, 3, 191
Let h(y) = -7*y**2 + 14*y - 121. Let l(q) = -6*q**2 + 11*q - 122. Let v(o) = 5*h(o) - 6*l(o). List the prime factors of v(18).
523
Suppose 492 + 1258 = 5*u + 5*y, -2*u - 3*y = -700. Let v = 3 - 2. What are the prime factors of (-1)/(v - 352/u) - -1?
2, 11
Let n(d) = 28*d**2 - 17*d - 12. Let r be n(-8). Suppose -33*v = -12476 + r. List the prime factors of v.
2, 5
Let p = 9919 + -2265. List the prime factors of p.
2, 43, 89
Let l be (-4)/(7 + (-5 - 3)). Suppose 5*j + l*d - 4060 = 0, 2*j + d - 4075 = -3*j. List the prime factors of j.
2, 3, 17
Let y = 26591 - 18063. Suppose -2*j + y = 14*j. What are the prime factors of j?
13, 41
Suppose 0 = 9*z - 44 + 8. Suppose 5*y = 3*y - z. List the prime factors of 15/(-4 + -1) - 118/y.
2, 7
Suppose -4*u + 12524 = 2*x, -3*u - 2220 = -x - 11618. What are the prime factors of u?
2, 3, 29
Suppose -2*n + 6 = 4*d, 0 = -3*n + 5*n - d - 31. Let r be (-13)/n - -27*1. Suppose -12*w = -r - 562. List the prime factors of w.
7
Let f(c) = 55*c**3 + 4*c - 80. What are the prime factors of f(6)?
2, 739
Let g(w) = 2*w**2 + 21*w - 100. Let i be g(-14). What are the prime factors of 21/(-14)*i/6*1844?
2, 461
Suppose 2*z + 13*o = 9*o + 26172, 2*o = 18. What are the prime factors of z?
2, 3, 11
List the prime factors of ((-3)/9)/(37/666) + 32782.
2, 17, 241
Let n(a) = 618*a + 1237. What are the prime factors of n(29)?
7, 17, 23
Let g(q) = 91*q**2 + 9*q - 8. Let t be g(5). Suppose -2*m = -3*r + t, 2*r - 1543 = -0*r + m. What are the prime factors of r?
2, 3, 43
Let y = 18414 + -15220. List the prime factors of y.
2, 1597
Let p(y) = -16*y**2 + y - 29. Let r be p(-6). Let b = r + 725. List the prime factors of b.
2, 3, 19
Let u(y) be the third derivative of -8/3*y**3 + 0*y + 3/10*y**5 - 24*y**2 + 0 + 1/12*y**4. List the prime factors of u(-3).
2, 5, 7
Let c = 5038 + -159. What are t